r of 3065328?
True
Is 12533234 a multiple of 46?
False
Is 1324522800 a multiple of 1392?
True
Is 1285 a factor of 116883995?
False
Is 633533917 a multiple of 7?
False
Is 55033908 a multiple of 358?
True
Is 165697485 a multiple of 14?
False
Does 7 divide 514624831?
True
Is 579814278 a multiple of 282?
True
Is 11224841 a multiple of 247?
False
Does 295 divide 161934350?
True
Is 63 a factor of 17380117?
False
Does 8 divide 4725488?
True
Is 146 a factor of 96725155?
False
Does 19 divide 87180716?
False
Is 81405639 a multiple of 63?
True
Is 5784578 a multiple of 17?
False
Is 16700296 a multiple of 388?
True
Is 146451729 a multiple of 16?
False
Is 19133296 a multiple of 3536?
True
Is 89 a factor of 1786459709?
True
Does 99 divide 61296345?
True
Is 272918068 a multiple of 134?
True
Does 30 divide 141655830?
True
Is 34095594 a multiple of 813?
True
Is 5640134073 a multiple of 21?
True
Does 263 divide 25627452?
False
Does 76 divide 605501500?
True
Is 264550463 a multiple of 199?
False
Is 103493808 a multiple of 264?
True
Is 8122 a factor of 561546932?
False
Is 106 a factor of 3133712?
False
Is 107 a factor of 453854494?
False
Does 447 divide 536885730?
False
Is 22 a factor of 20243786?
False
Is 15785662 a multiple of 37?
False
Is 37 a factor of 715765?
True
Does 976 divide 446500698?
False
Does 13 divide 52399100?
True
Is 801852975 a multiple of 9?
True
Is 844 a factor of 7974112?
True
Does 174 divide 969227328?
True
Is 103593945 a multiple of 87?
True
Is 758352400 a multiple of 104?
True
Does 32 divide 311816128?
True
Is 3841 a factor of 228622061?
False
Is 29098038 a multiple of 13?
False
Is 19 a factor of 297597521?
False
Is 494 a factor of 76043981?
False
Is 8 a factor of 153961075?
False
Is 38907864 a multiple of 1164?
True
Does 994 divide 3105198348?
True
Is 21 a factor of 604864134?
True
Is 29 a factor of 64710774?
True
Does 5 divide 13743475?
True
Is 44577824 a multiple of 32?
True
Is 266 a factor of 73555916?
True
Is 689 a factor of 140149434?
False
Is 92 a factor of 1755082536?
False
Does 790 divide 127882586?
False
Does 21 divide 10219125?
True
Is 5913838225 a multiple of 16?
False
Does 33 divide 310424466?
True
Is 1702 a factor of 128591619?
False
Is 211010166 a multiple of 141?
True
Does 50 divide 44163326?
False
Does 31 divide 523895317?
False
Is 138841940 a multiple of 1030?
True
Is 283 a factor of 106449884?
True
Is 34 a factor of 1027973340?
True
Is 59349145 a multiple of 5?
True
Is 181 a factor of 159883997?
True
Is 282752652 a multiple of 12?
True
Does 11 divide 117584105?
False
Does 16 divide 49315680?
True
Is 28 a factor of 2176496?
True
Is 1935 a factor of 843118758?
False
Is 8 a factor of 52947408?
True
Is 118 a factor of 1752643262?
True
Does 1353 divide 25931469?
False
Is 5662608 a multiple of 150?
False
Is 17 a factor of 32498373?
True
Is 1630050324 a multiple of 28?
True
Is 842 a factor of 273886602?
True
Does 69 divide 26001005?
False
Does 15 divide 20315701?
False
Does 917 divide 749975786?
True
Does 53 divide 240331378?
False
Does 284 divide 198603552?
False
Is 44 a factor of 38857273?
False
Is 2 a factor of 579783621?
False
Is 206 a factor of 9485270?
True
Does 13 divide 83545891?
True
Is 1052 a factor of 88557921?
False
Is 225 a factor of 6967125?
True
Is 717 a factor of 255598339?
False
Does 17 divide 7022241?
True
Is 45 a factor of 6038675?
False
Is 16 a factor of 87085699?
False
Is 554 a factor of 161658862?
True
Does 2875 divide 611009375?
True
Does 64 divide 344035093?
False
Does 32 divide 529282035?
False
Does 57 divide 388036893?
False
Does 1989 divide 268915236?
False
Is 19230797 a multiple of 60?
False
Is 917119 a multiple of 6?
False
Is 75 a factor of 1341278700?
True
Is 18772092 a multiple of 4?
True
Does 11 divide 119217699?
False
Is 56974718 a multiple of 537?
False
Does 190 divide 307422280?
True
Is 263206169 a multiple of 10?
False
Does 1558 divide 15338510?
True
Is 27217567 a multiple of 53?
True
Does 414 divide 10195354?
False
Does 2144 divide 267339648?
True
Is 327 a factor of 43245307?
False
Is 846 a factor of 78642468?
True
Is 48296822 a multiple of 5?
False
Is 653271312 a multiple of 8?
True
Is 56705670 a multiple of 43?
False
Does 52 divide 1080676688?
True
Is 351 a factor of 948013435?
False
Is 2436532 even?
True
Is 562 a factor of 8739662?
True
Is 38 a factor of 1853817161?
False
Is 1114 a factor of 2516505948?
True
Is 323840 a multiple of 640?
True
Is 483 a factor of 6763022?
False
Is 2079731520 a multiple of 3330?
True
Does 40 divide 494493680?
True
Is 10892265 a multiple of 2?
False
Does 434 divide 29818838?
True
Is 3249 a factor of 430443765?
True
Does 172 divide 43535472?
False
Does 2 divide 33431624?
True
Does 17 divide 233882744?
False
Is 3189 a factor of 151349940?
True
Is 3670 a factor of 46558428?
False
Is 96297571 a multiple of 6199?
False
Is 15 a factor of 297186246?
False
Is 288 a factor of 42308928?
True
Does 13 divide 74343265?
False
Is 286 a factor of 382572165?
False
Is 639 a factor of 111847365?
True
Is 99049842 a multiple of 142?
False
Is 173 a factor of 93686766?
True
Is 26831699 a multiple of 12?
False
Is 202395007 a multiple of 5309?
True
Does 13 divide 1073984851?
False
Is 5957612 a multiple of 3?
False
Is 1809986472 a multiple of 756?
True
Is 3358133532 a multiple of 26?
True
Is 433303635 a multiple of 835?
False
Is 700 a factor of 124763100?
True
Does 95 divide 1000947163?
False
Does 583 divide 111877117?
True
Is 77184886 a multiple of 2?
True
Is 102854830 a multiple of 130?
True
Does 844 divide 85108960?
True
Is 27 a factor of 298203142?
False
Is 33 a factor of 3111517320?
False
Is 19854061 a multiple of 416?
False
Does 49 divide 107841650?
True
Does 302 divide 3671932?
False
Is 147 a factor of 307768461?
True
Is 47233889 a multiple of 1001?
False
Does 1912 divide 760744429?
False
Is 11550576 a multiple of 24?
True
Does 134 divide 10322154?
True
Is 636396033 a multiple of 3732?
False
Does 602 divide 158156236?
True
Is 185047531 a multiple of 1487?
False
Does 53 divide 247726470?
False
Is 1015456462 a multiple of 11?
False
Is 207 a factor of 66634247?
False
Does 68 divide 851263354?
False
Is 62 a factor of 330306488?
True
Does 145 divide 1775825163?
False
Is 124 a factor of 216328666?
False
Does 1750 divide 191156000?
True
Is 10774571 a multiple of 2873?
False
Is 4 a factor of 556534?
False
Is 1027637572 a multiple of 13?
True
Does 464 divide 916374391?
False
Is 36 a factor of 394031520?
True
Is 1667511126 a multiple of 14?
False
Is 457575 a multiple of 3?
True
Is 11 a factor of 93104506?
True
Is 2368 a factor of 31501504?
True
Is 46683912 a multiple of 2337?
True
Is 141 a factor of 105162735?
True
Is 302 a factor of 20158537?
False
Is 196032243 a multiple of 24?
False
Is 112 a factor of 10640?
True
Does 59 divide 37159911?
True
Is 8397354 a multiple of 5?
False
Is 210823443 a multiple of 153?
True
Does 4737 divide 3812289426?
False
Is 271591036 a multiple of 25?
False
Is 1001731645 a multiple of 15?
False
Does 2794 divide 4701100580?
True
Is 3652032 a multiple of 64?
True
Is 32597670 a multiple of 2346?
True
Is 2377943034 a multiple of 17?
True
Is 493208402 a multiple of 5471?
False
Does 42 divide 233932986?
True
Does 1402 divide 38793486?
False
Is 15063662 a multiple of 225?
False
Is 1055 a factor of 548953425?
True
Does 7 divide 2908283?
True
Is 641350988 a multiple of 8128?
False
Does 575 divide 79108500?
True
Is 6124 a factor of 1742161644?
True
Does 73 divide 8021824?
True
Is 721 a factor of 431390162?
True
Is 128 a factor of 348765696?
True
Is 227 a factor of 645376645?
False
Is 35 a factor of 74009110?
True
Is 211 a factor of 44325403?
True
Is 459 a factor of 168127469?
False
Is 264002381 a multiple of 9?
False
Is 102 a factor of 6464716?
False
Is 12235080 a multiple of 88?
True
Does 536 divide 2619217?
False
Is 544658243 a multiple of 145?
False
Does 3234 divide 848986446?
True
Does 200 divide 2079075771?
False
Is 3806477 a multiple of 8?
False
Is 515171448 a multiple of 22?
True
Is 1024 a factor of 25433082?
False
Does 19 divide 2371592122?
True
Is 9 a factor of 88738910?
False
Is 341 a factor of 8643668?
True
Is 111467963 a multiple of 2789?
True
Is 19 a factor of 22901422?
True
Is 101 a factor of 34020537?
True
Is 2732 a factor of 169226184?
False
Does 201